ded by g.
50
Let b = 2173 + -2051. Calculate the remainder when b is divided by 50.
22
Suppose 0 = 9*a - 8*a, 4*t + 160 - 536 = 5*a. What is the remainder when 280 is divided by t?
92
Suppose -g + 22 = n - 5*n, -4 = 4*n. Let s be (16 + -14)/(4/22). Suppose -s = -5*i - 3*h + 42, -4*h = -4. What is the remainder when g is divided by i?
8
Suppose 0*x = 3*x - 51. Let m = 50 - x. What is the remainder when m is divided by (-61)/(-10) - 166/1660?
3
Calculate the remainder when (-29076)/(-20) - 19/((-1805)/(-76)) is divided by 178.
29
Suppose 0 = 8*i + 48 - 392. Suppose 6*l - 125 = i. What is the remainder when 111 is divided by l?
27
Suppose -45*l + 64*l - 2204 = 0. What is the remainder when l is divided by 666/30 - (-4)/5?
1
Suppose 5*v = 2*l + 187, 2 = 10*l - 12*l. Calculate the remainder when v is divided by ((-6)/4)/((-6)/16).
1
Let v = 9 - -4. Suppose -3*t + 123 = 5*b, -49*t = -43*t - 2*b - 318. What is the remainder when t is divided by v?
12
Let o(w) = 4*w - 9*w + 5 - w**2 - 4*w. Suppose -l + 10 = 2*z - 50, -2*l + 56 = 2*z. What is the remainder when z is divided by o(-9)?
2
Let x be (-21)/(-56) - (-6058)/16. Let z = -361 + x. Calculate the remainder when 68 is divided by z.
14
Let i = 8 + 5. Calculate the remainder when 2/(-7) - 0 - (-9783)/63 is divided by i.
12
Let u be ((-3)/((-494)/(-488) - 1))/(-1). Let x = -239 + u. Calculate the remainder when 23 is divided by x.
3
Suppose 3*l - 6 = 0, 5*s - 5*l - 1559 = -219. Let f = -201 + s. Calculate the remainder when f is divided by (3/(-6))/((-2)/144).
33
Suppose 3*f - 1527 = -5*j + j, -4*j = 4*f - 1532. Calculate the remainder when j is divided by 52.
14
Let t be -1*((9 - 6) + 17). Calculate the remainder when 6 + 843*(t/(-12))/5 is divided by 17.
15
Let r(b) = -57*b - 217. Let g be r(-6). Suppose 22*s + g = 27*s. Let t(h) = -h + 1. Calculate the remainder when s is divided by t(-5).
1
Let g = 26 - 44. Let t(j) = j**2 + 16*j - 17. Let s be t(g). Suppose -q - 28 = -l - 4*q, -3*l + 4*q + s = 0. Calculate the remainder when 62 is divided by l.
10
Let n = 25 - -1. Let w be 7*(146/30 + 2/15). Suppose -w*p = -11*p - 168. Calculate the remainder when n is divided by p.
5
Suppose 2*o - 10 = 0, -4*y = o + 2*o - 27. Suppose -8*x + 5 = -y. Calculate the remainder when 11/(-3 + 4)*x is divided by 6.
5
Let n(z) = -2*z**2 + 75*z - 683. What is the remainder when 7440 is divided by n(20)?
11
Suppose 23*w - 18*w + r - 574 = 0, -4*w + 461 = -r. What is the remainder when 297 is divided by w?
67
Suppose -o - 3*o = -420. What is the remainder when o is divided by 5/(10/12)*(3 - (-18 + 12))?
51
Let x = 9 - -51. Let m(n) = -n**3 + 5*n + 4. Let l be m(3). Let y = l + 21. Calculate the remainder when x is divided by y.
8
Suppose 0 = 8*u - u - 882. Let d = -115 + u. What is the remainder when d is divided by 2?
1
Let o = 164 + -38. Suppose -2*b - b = -o. Calculate the remainder when b is divided by 16.
10
Suppose -5*b - 178 = -g, -4*g - b + 92 = -578. Calculate the remainder when 3022 is divided by g.
166
Let x = -52 + 3316. What is the remainder when x is divided by 234?
222
Let z = -218 + 288. Suppose -75 = -5*y - d + z, -d - 5 = 0. Calculate the remainder when 176 is divided by y.
26
Let q be 387/18 + 12/(-8). Suppose -4*w - 40 = -4*s, 2*s - 6*w - q = -2*w. Calculate the remainder when 99 is divided by s.
9
Let f = 11 + -8. Suppose -f*r = -5*a - 55, 3*a = -4*r + 119 - 36. What is the remainder when r is divided by 6?
2
Suppose -88*w + 81*w = -21 - 70. Calculate the remainder when 908 is divided by w.
11
Let c = 5910 + -5484. What is the remainder when c is divided by 235?
191
Suppose 0 = -11*v + 6*v + 3090. Let r = 641 - v. What is the remainder when r is divided by 9?
5
Let c = -846 + 866. Let f be 80/2*3/(-3). Let v = f + 118. Calculate the remainder when v is divided by c.
18
Let z = 158 - 31. Let h(l) = l**2 + l. Let c(r) = r**3 + r**2 + 4*r + 8. Let a(q) = c(q) - 6*h(q). Calculate the remainder when z is divided by a(6).
31
Let d(w) = -2*w**3 + 91*w**2 - 132*w + 74. Calculate the remainder when d(44) is divided by 64.
10
Let n(i) = -4*i + 15. Suppose -3*h + 32 = -34. Suppose -5*v - h = -487. Calculate the remainder when v is divided by n(-1).
17
Let k = -640 - -654. Let r be 32/12*9/6. Suppose 0 = 4*h - i - 439, r*i = -4*h + 73 + 351. What is the remainder when h is divided by k?
11
Let z be (-1 - -9)*(3 - 10/4). Let v(w) = -w**3 + 7*w**2 + 4*w - 22. What is the remainder when v(z) is divided by 11?
9
Suppose -6*c + 292 = -2*c. Let k(d) = d**2 - 229*d - 4427. What is the remainder when c is divided by k(-18)?
16
Let d(i) = 26 + 0*i - 2*i + 343*i**2 + i**3 - 337*i**2. What is the remainder when 341 is divided by d(-6)?
37
Suppose -37391 - 10292 = -4*z + a, -4*z - a = -47685. Calculate the remainder when z is divided by 22.
19
Let j be 22/8 - (-3)/(-4). Let g(w) = 2*w + 3*w + 4*w**j + 4*w + 16 - 3*w**2. What is the remainder when g(-9) is divided by 6?
4
Suppose -2*b = -59 - 13. Suppose 3*y + 12 = 0, -2 = 3*q - 8*q - 2*y. Suppose -q*z - 4*z = -b. Calculate the remainder when 41 is divided by z.
5
Let v be ((-96)/(-56))/((-4)/(-14)). Let t(j) = 45*j - 3. Let d be t(v). Let r = 382 - d. What is the remainder when r is divided by 29?
28
Let z = 7802 - 6057. Calculate the remainder when z is divided by 557.
74
Suppose -5 + 1 = -2*r. Suppose 104 + 152 = 4*s + 5*b, 3*b + 192 = 3*s. Calculate the remainder when s is divided by 1/r + (-129)/(-6).
20
Let a(f) = f**2 - 11*f + 5. Let h be a(11). Suppose h*n - 45 = 25. What is the remainder when ((-69)/4)/((-1)/8) is divided by n?
12
Let m(t) = 259*t + 284. What is the remainder when 576 is divided by m(0)?
8
Let j = -43871 + 44009. What is the remainder when 1240 is divided by j?
136
What is the remainder when 179/((-27)/(-36)*(-24)/(-18)) is divided by 164?
15
Let z(o) = -o**3 - 7*o**2 + 15*o. Let p be z(-7). Let u = p - -149. Let a(d) = -2*d**2 - 8*d + 129. Calculate the remainder when u is divided by a(-10).
8
Suppose 5*w + 8*y = 4*y + 1978, 5*y = 5*w - 2005. What is the remainder when w is divided by 17/((-153)/(-90)) + 11?
20
Suppose -3*p + 30 + 40 = -b, -4*b = 4. Let l(g) = 9*g + 1106. Calculate the remainder when l(-119) is divided by p.
12
Let z = 773 + -762. Let f = 2 + 0. Suppose -108 - 18 = -f*r. Calculate the remainder when r is divided by z.
8
Suppose 0 = 12*b - 4*b - 32. Suppose -b*w = -f - 271, -4*w + 0*w = -4*f - 256. Calculate the remainder when 132 is divided by w.
63
Let b = 978 + -948. What is the remainder when 131 is divided by b?
11
Suppose -14*g - 164 + 5590 = -4220. Calculate the remainder when g is divided by 41.
33
Let b be ((-72)/27)/(-1 - (-1)/3). Calculate the remainder when 530 is divided by 6*8/(-60)*(b + -39).
26
Calculate the remainder when 644 is divided by 14 + -6 - 770/5*-1.
158
Let y(r) = 17*r**2 + 2*r. Let h(d) = -2*d**2 - d. Let o be h(-1). What is the remainder when 160 is divided by y(o)?
10
Suppose 8*d + 11 = 6*d - 5*y, 3*y + 7 = -d. Suppose 4*a - 546 = -d*u, 2*a - u = 5*a - 410. Calculate the remainder when a is divided by 28.
25
Let a = -21257 + 21354. What is the remainder when 617 is divided by a?
35
Let i = 16 + -16. Suppose -2*q + 6*q - 60 = i. Calculate the remainder when (-3)/27*-389 + (-2)/9 is divided by q.
13
Let m = 21 - 31. Let g = -8 - m. Suppose -2 = -d + 5*n, 18 = 5*d - g*n - 38. Calculate the remainder when 27 is divided by d.
3
Suppose 2*m = 12*m + 1000. Let x be 2/((-145)/(-49) - 3). Let b = x - m. Calculate the remainder when b is divided by 9.
6
Suppose m - 4*h + 1 - 10 = 0, 4*h = -4*m + 76. Suppose 2*j + 2 = -z - 2*j, 2*z - 48 = 5*j. Suppose 8*q = z*q - 36. What is the remainder when m is divided by q?
5
Let q be (21/(-231))/((-2)/22). What is the remainder when 1 + 429/26 - q/2 is divided by 2?
1
Let r(j) = -665*j - 3832. What is the remainder when r(-6) is divided by 8?
6
Let v = -5 - -65. Suppose 12*c = 144 + v. Suppose c*r = 19*r - 30. What is the remainder when 72 is divided by r?
12
Let b be (-35)/(-10) + 3/(-2). Suppose -3*i + 315 = 2*f, 2*i - 199 = -3*f - b*f. Let v = -434 - -452. What is the remainder when i is divided by v?
17
Suppose -21*i - i - 246 = -28*i. What is the remainder when 151 is divided by i?
28
Let d = -1306 - -1360. What is the remainder when 423 is divided by d?
45
Let f(q) =